{"id":802,"date":"2009-01-05T20:10:14","date_gmt":"2009-01-05T19:10:14","guid":{"rendered":"http:\/\/epistel.no\/blog\/?page_id=802"},"modified":"2020-06-08T07:02:18","modified_gmt":"2020-06-08T06:02:18","slug":"eira-faq","status":"publish","type":"page","link":"https:\/\/epistel.no\/blog\/eira-faq\/","title":{"rendered":"Eira: FAQ"},"content":{"rendered":"<h3>Alt du gjerne ville vite om Eira men ikke torde sp\u00f8rre om<\/h3>\n<dl>\n<dt>Hvordan stiller jeg Eira et sp\u00f8rsm\u00e5l?<\/dt>\n<dd>Enkelt! Du sender en <a href=\"mailto:eira@epistel.no\">epost<\/a>!<\/dd>\n<dt>Kva farge er det eigentleg p\u00e5 bokhylla di?<\/dt>\n<dd>Jeg har tre stykker. En er s\u00f8lvgr\u00e5, den andre er trefarget, og den tredje er i en brunfarge IKEA kaller &#8220;b\u00f8kefiner&#8221;. Alle sammen er Billy-hyller. Jeg trenger en ny bokhylle snart, jeg har b\u00f8ker liggende p\u00e5 tvers opp\u00e5 alle de andre b\u00f8kene.<\/p>\n<\/dd>\n<dt>Tro om Eira vil spise tapas og drikke r\u00f8dvin med meg en dag?<\/dt>\n<dd>Jeg sier sjelden nei til en hyggelig invitasjon. Riktignok har jeg opptil flere ganger havnet i situasjoner som ikke ble akkurat slik jeg hadde tenkt meg fordi jeg naivt takker ja til slike hyggelige invitasjoner uten \u00e5 vurdere om det ligger noe bak. Men det ordner seg stort sett til det beste til slutt.<\/dd>\n<dt>Er dette en hyllest til dagbladet sitt nettm\u00f8te?<\/dt>\n<dd>Nett.. hvafforno? Tror ikke det. (&#8230;) N\u00e5 har jeg surfet p\u00e5 dagbladet.no og funnet ut hva nettm\u00f8te er. Og det blir vel kanskje nesten det samme, bortsett fra at jeg svarer s\u00e5 lenge jeg f\u00e5r sp\u00f8rsm\u00e5l, ikke bare i l\u00f8pet av et par timer. Men siden jeg ikke visste om nettm\u00f8tene f\u00f8r jeg inviterte til \u00e5 stille sp\u00f8rsm\u00e5l tror jeg ikke det kan kalles en hyllest.<\/dd>\n<dt>ASL?<\/dt>\n<dd>I skrivende stund er jeg 25 \u00e5r og fem m\u00e5neder gammel, kvinne, og befinner meg i Vadmyra, Loddefjord, Bergen, Norge, Verden, Universet.<\/dd>\n<dt>Hva er hipdrome og hva gj\u00f8r du der?<\/dt>\n<dd><a href=\"http:\/\/www.hipdrome.org\">#hipdrome<\/a> er en av mange irc-kanaler jeg holder til p\u00e5. F\u00f8rste gang jeg logget p\u00e5 kanalen var i 1998. Hva jeg gj\u00f8r der? Vel.. idler mye og prater litt. For\u00f8vrig finner du meg p\u00e5 kanalene #goth.no, #linux.no, #fedora.no og #css.no p\u00e5 DALnet under nicket citoyen, og mer sporadisk p\u00e5 andre nettverk og kanaler.<\/dd>\n<dt>Hvilke b\u00f8ker leser du?<\/dt>\n<dd>Oj.. Hm. Jeg begynte faktisk \u00e5 lage en oversikt over alle b\u00f8kene mine en gang, med tanke p\u00e5 \u00e5 legge den ut p\u00e5 web, men jeg gikk lei omtrent midtveis i f\u00f8rste hylleseksjon. Jeg leser veldig mye forskjellig. Bokhyllen min er omtrentlig delt opp i temaseksjoner. Fra \u00f8verst til venstre i f\u00f8rste hylle: Magisk realisme, John Irving, Jens Bj\u00f8rneboe, norsk samtidslitteratur, datab\u00f8ker, lingvistikkb\u00f8ker, religion (inkluderer b\u00e5de den kristne og den sataniske bibel, samt et utvalg Ole Brumm), rollespillb\u00f8ker, tegneseriealbum, kokeb\u00f8ker. Andre hylle: Amerikansk utvidet samtid (fra ca 1920 og oppover), russisk, britisk, fantasy, science fiction. Tredje hylle: Komplett samling Kringsj\u00e5 fra 1896 og oppover, Tusen og en natt, mer Bj\u00f8rneboe, lyrikk. I tillegg til dette st\u00e5r det en del b\u00f8ker innimellom som er vanskelige \u00e5 kategorisere.<\/dd>\n<dt>Hvorfor heter domenet ditt epistel?<\/dt>\n<dd>Det har sin bakgrunn i en diskusjon som foregikk p\u00e5 <a href=\"http:\/\/www.sprakrad.no\/ordsmia.htm\">Ordsmia<\/a> mens jeg lette etter domenenavn. En av deltakerne foreslo sp\u00f8kefullt &#8220;e-pistel&#8221; som betegnelse for noe jeg ikke lenger husker hva var &#8211; muligens sms. Jeg likte ordet, og syntes det passet godt som navn p\u00e5 en blogg. Derfor adopterte jeg det.<\/dd>\n<dt>Hvilken musikk liker du?<\/dt>\n<dd>Jeg h\u00f8rer mye p\u00e5 punk i alle former (gammelpunk, gothpunk, gladpunk, kupunk, nypunk og skapunk). Utover det finner du i CD-samlingen min band og artister som Einst\u00fcrzende Neubauten, Jan Eggum, Jan Garbarek, Johnny Dowd, Leonard Cohen, Knudsen og Ludvigsen, Death in June, et utvalg klassisk, og en lett blanding pop, gr\u00f8nsj, jazz, industrial, rock, goth, metal og glam. Jeg har et anstrengt forhold til soul og r&#8217;n&#8217;b, men ellers h\u00f8rer jeg p\u00e5 musikk innen de fleste sjangre &#8211; uten at det betyr at jeg liker alt innenfor hver sjanger.<\/dd>\n<dt>Hvilket forhold har du til datamaskiner?<\/dt>\n<dd>Datamaskiner er fine ting. Det jeg liker best med datamaskiner er internett. Internett gj\u00f8r at jeg kan sitte og skrive dette, og du kan sitte og lese det. Internett gj\u00f8r det lett \u00e5 snakke med folk og <a href=\"http:\/\/www.dominion.no\/\">organisere<\/a> ting, og man kan finne informasjon og l\u00e6re om ting som er s\u00e5 s\u00e6re at man aldri engang ville tenkt tanken p\u00e5 at det eksisterte hvis det ikke var for at man tilfeldigvis snublet over det p\u00e5 web. Det er alltid noen \u00e5 sp\u00f8rre om hjelp uansett hva man lurer p\u00e5, og det er en veldig grei m\u00e5te \u00e5 m\u00f8te nye mennesker p\u00e5 som man senere kan g\u00e5 ut og drikke pils med. Man kommer i snakk med folk som man gjerne aldri ville kommet i snakk med utenom nettet.<\/dd>\n<dt>Hvorfor bruker du Linux?<\/dt>\n<dd>F\u00f8rste gang jeg installerte Linux var fordi jeg var nysgjerrig. Jeg hadde en del erfaring med Unix fra universitetet &#8211; vi bruker Sun-maskiner i Datalingvistikk-laben. Jeg liker \u00e5 l\u00e6re nye ting, og hadde tilfeldigvis en maskin st\u00e5ende som jeg ikke brukte til noe. Det ble aldri noen stor suksess, siden maskinen var s\u00e5 gammel og treg at X brukte et kvarters tid med swapping bare for \u00e5 komme opp p\u00e5 skjermen. Senere installerte jeg Linux p\u00e5 en raskere maskin, den gamle laptopen min, og brukte ogs\u00e5 Linux en del i jobbsammenheng.<\/p>\n<p>Etterhvert fant jeg ut at jeg var mer komfortabel med \u00e5 arbeide i Linux enn i Windows. Da jeg f\u00f8rst var kommet inn i hvordan ting hang sammen var det b\u00e5de mer intuitivt og mer effektivt. For omtrent et \u00e5r siden gikk jeg over til Linux som hoved-OS. I begynnelsen holdt jeg meg mye til det grafiske brukergrensesnittet, men n\u00e5 bruker jeg konsoll til nesten alt, rett og slett fordi det g\u00e5r raskere s\u00e5lenge jeg faktisk vet hva jeg skal skrive. Jeg var aktiv PC-bruker allerede i DOS-dagene, s\u00e5 kommandolinje har aldri v\u00e6rt ukjent for meg.<\/p>\n<p>Noe av det fine med Linux er at det finnes et sterkt <a href=\"http:\/\/blug.linux.no\">brukermilj\u00f8<\/a> og mange som er ivrige etter \u00e5 hjelpe med problemer, b\u00e5de for nybegynnere og erfarne brukere. Mange innenfor Linux-milj\u00f8et er veldig opptatte av \u00e5pen, fri kildekode. Jeg har ikke helt klart \u00e5 henge med p\u00e5 denne fanatismen. Mye er positivt med \u00e5pen kildekode, men jeg tror ikke det er det eneste riktige i alle situasjoner. Jeg er derimot en sterk forkjemper for \u00e5pne standarder, noe jeg synes er viktigere enn \u00e5pen kildekode. Uansett &#8211; for meg handler Linux-valget om hva som passer meg som bruker, det er ikke f\u00f8rst og fremst et idealistisk valg.<\/p>\n<\/dd>\n<dt>Hvor avhengig anser du deg selv av IRC?<\/dt>\n<dd>IRC er en stor del av livet mitt. Jeg kommuniserer p\u00e5 irc, b\u00e5de med venner og i jobbsammenheng. IRC er det beste fra to verdener: Hvis man er pratesjuk, men ikke har lyst \u00e5 treffe folk, s\u00e5 kan man prate litt p\u00e5 irc. Hvis man har lyst \u00e5 treffe folk i levende live, s\u00e5 kan man slenge ut en melding p\u00e5 kanalen og invitere folk ut p\u00e5 en pils eller <a href=\"http:\/\/blaakatt.no\">en kopp te<\/a>, og det er nesten alltid noen som blir med. P\u00e5 irc blir man kjent med nye folk uten mange av de fordommene man har til folk rundt seg basert p\u00e5 hvordan de kler seg og hvem de snakker med &#8211; alt man ser er ordene de skriver. Man kan holde kontakten med venner mye oftere og lettere enn man kan med telefon eller planlagte m\u00f8ter. S\u00e5 p\u00e5 et vis er jeg avhengig av irc, jeg ser p\u00e5 det som en viktig del av mitt sosiale nettverk. Samtidig er det ikke slik at jeg savner irc hvis jeg er ute og holder p\u00e5 med noe hyggelig. Jeg skynder meg ikke hjem for \u00e5 logge p\u00e5 irc. IRC er der n\u00e5r jeg trenger det, omtrent som en stamcafe.<\/dd>\n<dt>Regner du deg som nerd? Og i s\u00e5 fall, hva er femininum av nerd &#8211; nerdine, nerd\u00f8se etter nerdette?<\/dt>\n<dd>Den politisk korrekte termen i dataverden er geek. En kvinnelig geek er en <a href=\"http:\/\/www.thinkgeek.com\/tshirts\/ladies\/5b3d\/\">cHix0r<\/a>. \u00c5 v\u00e6re kvinnelig geek er fint. Det er forel\u00f8pig s\u00e5pass f\u00e5 av oss at vi f\u00e5r masse oppmerksomhet og lokker ut gentleman-tendensene i v\u00e5re mannlige med-geeks.<\/dd>\n<dt>Jeg har h\u00f8rt at du er veldig flink til \u00e5 sv\u00f8mme. Gir du<br \/>\nkursing i sv\u00f8mmeteknikk? Jeg har lyst til \u00e5 begynne \u00e5 sv\u00f8mme<br \/>\nigjen.<\/dt>\n<dd>N\u00e5 er det riktignok ti \u00e5r siden jeg drev aktivt med sv\u00f8mming, men teknikken sitter vel i fremdeles. Klart, dra meg med i sv\u00f8mmehallen en dag du. Noe som minner meg om at jeg som BT-abonnent har gratis inngang for to personer p\u00e5 Vannkanten mellom \u00e5tte og ti hver l\u00f8rdag. Men hvem klarer \u00e5 st\u00e5 opp og v\u00e6re i sv\u00f8mmehallen klokka \u00e5tte p\u00e5 en l\u00f8rdag?<\/dd>\n<dt>Hvor ble det av det rosa skumgummiballtreet ditt? Du har ikke brukt det p\u00e5 evigheter!<\/dt>\n<dd>Jeg har det fremdeles p\u00e5 lur. Det dukker opp n\u00e5r du minst venter det!<\/dd>\n<dt>Jeg kjenner ikke deg, kjenner du meg?<\/dt>\n<dd>Vi har jo vekslet noen ord. Men det ville v\u00e6re en overdrivelse \u00e5 si at jeg kjenner deg. Jeg vet hva du heter, og s\u00e5nn omtrent hvor gammel du er, men ikke hvor du bor.<\/dd>\n<dt>H\u00f8rte at du hadde v\u00e6rt i USA, der slipper ikke jeg inn, hva gjorde du i USA?<\/dt>\n<dd>Der gikk jeg et \u00e5r p\u00e5 high school. N\u00e6rmere bestemt Hinsdale Central High School i Hinsdale, en forstad til Chicago.<\/dd>\n<dt>Kjip en; 10 plater p\u00e5 en \u00f8de \u00f8y?<\/dt>\n<dd>Hmmm&#8230; ok, et fors\u00f8k:<\/p>\n<ul>\n<li>Jan Garbarek &#8211; I took up the runes<\/li>\n<li>NOFX &#8211; Punk in Drublic<\/li>\n<li>Live &#8211; Throwing Copper<\/li>\n<li>Leonard Cohen &#8211; Various Positions<\/li>\n<li>Marilyn Manson &#8211; Mechanical Animals<\/li>\n<li>Guns n&#8217; Roses &#8211; The Spaghetti Incident<\/li>\n<li>Knudsen og Ludvigsens Beste<\/li>\n<li>Berliner Philharmoniker\/Karajan &#8211; Adagio<\/li>\n<li>Belle &amp; Sebastian &#8211; Tigermilk<\/li>\n<li>Green Day &#8211; Kerplunk<\/li>\n<\/ul>\n<\/dd>\n<dt>Hvorfor kan du ikke snart f\u00e5 normalt h\u00e5r lissom?<\/dt>\n<dd>Jeg har jo normalt h\u00e5r! Jeg har ikke farget det p\u00e5 over et \u00e5r n\u00e5. Tingen med h\u00e5r er at det er kjedelig n\u00e5r det bare ser helt likt ut hele tiden. H\u00e5r er til for \u00e5 klippes p\u00e5 en ny m\u00e5te hver gang.<\/dd>\n<dt>De innerste hemmelighetene m\u00e5 du beholde. Er folk uten hemmeligheter kjedelige?<\/dt>\n<dd>Finnes det folk uten hemmeligheter da? Jeg tror egentlig det er helt andre ting enn hemmeligheter som gj\u00f8r folk interessante.<\/dd>\n<dt>Hva gj\u00f8r\/gjorde du akkurat n\u00e5\/da, 12:31, dagen etter &#8220;retro&#8221;?<\/dt>\n<dd>Da satt jeg og leste avisen og ventet p\u00e5 at <a href=\"http:\/\/syntetisk.synth.no\/\">Syntetisk<\/a> skulle begynne.<\/dd>\n<dt>Kan du virkelig lage mat eller liker du bare \u00e5 spise utrolig god mat?<\/dt>\n<dd>Jeg er flink til \u00e5 b\u00e5de lage og spise god mat.<\/dd>\n<dt>Siden du skriver om god mat, kunne du tenke det \u00e5 bli med ut og brenne store penger &#8211; bare for \u00e5 spise noe utrolig god mat p\u00e5 en matsjappe som jeg aldri har h\u00f8rt om?<\/dt>\n<dd>Gjerne, men det m\u00e5 bli en dag jeg faktisk har store penger \u00e5 brenne.<\/dd>\n<dt>Kaffekakao &#8211; er ingenting hellig for deg eller?<\/dt>\n<dd>Sv\u00e6rt lite.<\/dd>\n<dt>Godt \u00e5 vite at det finnes smartere folk enn meg, hva er IQ&#8217;n og EQ&#8217;n din?<\/dt>\n<dd>Aner ikke.<\/dd>\n<dt>Faen, jeg blir sulten av alt dette matpratet ditt. er det mulig \u00e5 bestille f\u00e5r-i-k\u00e5l til den festen du skal ha ute i september? Maten lager jo seg selv, sulten!<\/dt>\n<dd>Hmm.. det hadde kanskje v\u00e6rt en ide. Jeg skal tenke p\u00e5 det, men jeg tror ikke jeg har stor nok gryte til \u00e5 lage f\u00e5rik\u00e5l til alle sammen.<\/dd>\n<dt>Ville du ta det ille opp om jeg begynte \u00e5 omtale deg som &#8220;den pene damen&#8221;?<\/dt>\n<dd>Det var da ogs\u00e5 noe \u00e5 ta ille opp&#8230;<\/dd>\n<dt>Til bords, om jeg s\u00f8let, t\u00f8r du \u00e5 kalle meg Judas om det trengs?<\/dt>\n<dd>Hva trengs det til da? S\u00f8let t\u00f8rker ikke opp seg selv om jeg kaller deg Judas. Jeg ville nok heller kommandert deg til \u00e5 hente kluten.<\/dd>\n<dt>Har du tv?<\/dt>\n<dd>Nei.<\/dd>\n<dt>Du som ikke r\u00f8yker, har du planer om \u00e5 leve et langt og kjedelig liv, eller har du andre og spennende m\u00e5ter \u00e5 d\u00f8 p\u00e5?<\/dt>\n<dd>Tror jeg brenner den broen n\u00e5r jeg kommer til den. Jeg har uansett ikke lagt s\u00e5 mange planer for livet. Jeg har tro p\u00e5 at livet rusler avg\u00e5rde i sitt vante tempo enten man r\u00f8yker underveis eller ikke.<\/dd>\n<dt>Sulten, mer mat-prat, har du noengang spist rock&#8217;n&#8217;roll-p\u00f8lse? Her har du oppskriften: sleng p\u00f8lser og hva annet du har for h\u00e5nden i en stekepanne, brenn faenskapet, spis, og ta gjerne en \u00f8l eller en liten moonshine til \ud83d\ude09<\/dt>\n<dd>F\u00f8rste del har jeg sikkert utf\u00f8rt, men jeg kan ikke garantere at jeg drakk \u00f8l til. Jeg er fryktelig treg n\u00e5r det gjelder drikking. \u00d8l smaker godt, men jeg kommer liksom aldri p\u00e5 \u00e5 handle \u00f8l n\u00e5r jeg er i butikken.<\/dd>\n<dt>\u00c5h, for noen jeg kjenner, har du noe Smashing Pumpkins i livet ditt?<\/dt>\n<dd>Mellon Collie st\u00e5r p\u00e5 hylla.<\/dd>\n<dt>Hva slags hovedfag er det du arbeider med?<\/dt>\n<dd><a href=\"http:\/\/www.hf.uib.no\/i\/LiLi\/SLF\/und\/dasp\/daspmast.html\">Datalingvistikk<\/a>.<\/dd>\n<dt>Fikk du veldig mange rare sp\u00f8rsm\u00e5l fra folk, on request?<\/dt>\n<dd>Ikke s\u00e5 veldig mange. Men dine 20 hjalp litt p\u00e5, da. <\/dd>\n<dt>Dette er et hemmelig sp\u00f8rsm\u00e5l, s\u00e5 du f\u00e5r det ikke her, siden PST muligens overv\u00e5ker meg. jeg er ikke paranoid, selv om amerikanerne er redd for meg. Nok om det.<\/dt>\n<dd>Svaret p\u00e5 dette sp\u00f8rsm\u00e5let er hemmelig.<\/dd>\n<dt>Hva \u00f8nsker du deg til jul?<\/dt>\n<dd>Jeg \u00f8nsker meg en kj\u00f8kkenmaskin som kan elte store tunge br\u00f8ddeiger og dessuten kutte ting i veldig sm\u00e5 biter. Og s\u00e5 \u00f8nsker jeg meg en perfekt lenestol. Det har jeg lett etter lenge, men finner ingen perfekte stoler noe sted. Jeg \u00f8nsker meg en treningsbukse og noen nye bher, og noen gode st\u00f8tdempende sko \u00e5 rusle rundt i verden i, men s\u00e5nt er det best \u00e5 kj\u00f8pe selv. Geekete t-skjorter er moro, og spiselige gaver er alltid popul\u00e6rt.<\/dd>\n<dt>Er det noen former for mat du ikke ville spist p\u00e5 ett eller annet grunnlag? Eksempelvis: Er kuer hellige? Har gr\u00f8nnsaker f\u00f8lelser? Kommer du til \u00e5 brenne i himmelen om du spiser griser? Ville du handlet p\u00e5 Lidl? Er det slemt \u00e5 spise Nidar sjokolade?<\/dt>\n<dd>Jeg klarer aldri \u00e5 holde oversikt over hvilke matprodusenter det er man skal boikotte av ulike mer eller mindre etiske \u00e5rsaker. Jeg kan sikkert handle p\u00e5 Lidl hvis det faller seg s\u00e5nn, selv om &#8220;billigst mulig&#8221; aldri har v\u00e6rt noe godt slagord for fristende mat av h\u00f8y kvalitet. I det hele tatt tror jeg ikke jeg er noen god forbruker s\u00e5nn rent politisk sett. Her i forrige uke fikk jeg kjeft fordi jeg sa at jeg ikke egentlig bryr meg s\u00e5 mye om lavere priser p\u00e5 dagligvarer, jeg vil heller ha h\u00f8yere kvalitet. De som kjeftet p\u00e5 meg mente at jeg var usolidarisk med de fattige. Men dagligvarehandelen er da vel \u00e6rlig talt ikke riktig sted \u00e5 starte kampen mot fattigdom?<\/dd>\n<dt>Ti b\u00f8ker du ville hatt med deg p\u00e5 en \u00f8de sydhavs\u00f8y?<\/dt>\n<dd> I uspesifisert rekkef\u00f8lge og med forbehold om uteglemmelser:<\/p>\n<ul>\n<li>Elin Brodin &#8211; Bed\u00f8velse<\/li>\n<li>Elin Brodin &#8211; Askefolket<\/li>\n<li>Francesca Lia Block &#8211; Weetzie Bat<\/li>\n<li>Francesca Lia Block &#8211; Drager p\u00e5 Manhattan<\/li>\n<li>Vikram Seth &#8211; En passende ung mann<\/li>\n<li>Jens Bj\u00f8rneboe &#8211; Mitt hjerte<\/li>\n<li>Gabriel Garcia Marquez &#8211; Hundre \u00e5rs ensomhet<\/li>\n<li>Philippe Fix &#8211; Serafin og hans makel\u00f8se mesterverk<\/li>\n<li>Orson Scott Card &#8211; Ender&#8217;s game<\/li>\n<li>John Marc DeMatteis \/ Jon J Muth &#8211; Moonshadow<\/li>\n<\/ul>\n<\/dd>\n<dt>Er det ikke p\u00e5 tide \u00e5 oppdatere FAQ-en?<\/dt>\n<dd>Jeg oppdaterer n\u00e5r noen sender inn nye sp\u00f8rsm\u00e5l. Og det skjer nesten aldri. Men jo, det er p\u00e5 tide, s\u00e5 sett i gang \u00e5 sende sp\u00f8rsm\u00e5l!<\/dd>\n<dt>ASL2 &#8211; Er du fortsatt 25 \u00e5r og fem m\u00e5neder gammel, kvinne, og befinner deg i Vadmyra, Loddefjord, Bergen, Norge, Verden, Universet?<\/dt>\n<dd>Niks. N\u00e5 er jeg 28 \u00e5r og \u00e5tte m\u00e5neder gammel. Jeg er riktignok fremdeles kvinne (jeg er litt kjedelig s\u00e5nn), men befinner meg n\u00e5 p\u00e5 Kronstad.<\/dd>\n<dt>Finnes det bilder av deg noe sted?<\/dt>\n<dd>Jada. Pr\u00f8v \u00e5 s\u00f8ke p\u00e5 Google eller Flickr.<\/dd>\n<dt>Er De god i sp\u00f8rrespill?<\/dt>\n<dd>Ikke s\u00e5 aller verst, s\u00e5 lenge det ikke er sportssp\u00f8rsm\u00e5l.<\/dd>\n<dt>Kan De ramse opp hovedstedene i Etiopia, S\u00f8r-Afrika, Ungarn, Vietnam og Honduras?<\/dt>\n<dd>Ikke uten \u00e5 google f\u00f8rst.<\/dd>\n<dt>Hvilken side av bananen skal man spise f\u00f8rst?<\/dt>\n<dd>Innsiden.<\/dd>\n<dt>Hvilken side skal dorullflippen henge ned p\u00e5?<\/dt>\n<dd>Utsiden. Alts\u00e5 bort fra veggen.<\/dd>\n<dt>Hvilke deler\/ hvilken del av reinen har samene oppi kaffen?<\/dt>\n<dd>De samene jeg har truffet har drukket kaffen sin uten rein<\/dd>\n<dt>Hva er favorittutropet til Pellefant?<\/dt>\n<dd>Det husker jeg ikke. Men jeg hadde noen Pellefant-blader da jeg var liten.<\/dd>\n<\/dl>\n","protected":false},"excerpt":{"rendered":"<p>Alt du gjerne ville vite om Eira men ikke torde sp\u00f8rre om Hvordan stiller jeg Eira et sp\u00f8rsm\u00e5l? Enkelt! Du sender en epost! Kva farge er det eigentleg p\u00e5 bokhylla di? Jeg har tre stykker. En er s\u00f8lvgr\u00e5, den andre er trefarget, og den tredje er i en brunfarge IKEA kaller &#8220;b\u00f8kefiner&#8221;. Alle sammen er [&hellip;]<\/p>\n","protected":false},"author":2,"featured_media":0,"parent":0,"menu_order":0,"comment_status":"open","ping_status":"open","template":"","meta":{"spay_email":""},"jetpack_shortlink":"https:\/\/wp.me\/PpHor-cW","jetpack_sharing_enabled":true,"_links":{"self":[{"href":"https:\/\/epistel.no\/blog\/wp-json\/wp\/v2\/pages\/802"}],"collection":[{"href":"https:\/\/epistel.no\/blog\/wp-json\/wp\/v2\/pages"}],"about":[{"href":"https:\/\/epistel.no\/blog\/wp-json\/wp\/v2\/types\/page"}],"author":[{"embeddable":true,"href":"https:\/\/epistel.no\/blog\/wp-json\/wp\/v2\/users\/2"}],"replies":[{"embeddable":true,"href":"https:\/\/epistel.no\/blog\/wp-json\/wp\/v2\/comments?post=802"}],"version-history":[{"count":7,"href":"https:\/\/epistel.no\/blog\/wp-json\/wp\/v2\/pages\/802\/revisions"}],"predecessor-version":[{"id":3176,"href":"https:\/\/epistel.no\/blog\/wp-json\/wp\/v2\/pages\/802\/revisions\/3176"}],"wp:attachment":[{"href":"https:\/\/epistel.no\/blog\/wp-json\/wp\/v2\/media?parent=802"}],"curies":[{"name":"wp","href":"https:\/\/api.w.org\/{rel}","templated":true}]}}